{"id":68,"date":"2024-05-27T16:23:33","date_gmt":"2024-05-27T16:23:33","guid":{"rendered":"https:\/\/niemy.art\/?page_id=68"},"modified":"2024-06-14T18:48:29","modified_gmt":"2024-06-14T18:48:29","slug":"jak-gramy","status":"publish","type":"page","link":"https:\/\/niemy.art\/index.php\/jak-gramy\/","title":{"rendered":"Jak gramy"},"content":{"rendered":"\t\t<div data-elementor-type=\"wp-page\" data-elementor-id=\"68\" class=\"elementor elementor-68\">\n\t\t\t\t<div class=\"elementor-element elementor-element-4eeac77 e-flex e-con-boxed e-con e-parent\" data-id=\"4eeac77\" data-element_type=\"container\" data-e-type=\"container\">\n\t\t\t\t\t<div class=\"e-con-inner\">\n\t\t\t\t<div class=\"elementor-element elementor-element-98658ee elementor-widget elementor-widget-text-editor\" data-id=\"98658ee\" data-element_type=\"widget\" data-e-type=\"widget\" data-widget_type=\"text-editor.default\">\n\t\t\t\t<div class=\"elementor-widget-container\">\n\t\t\t\t\t\t\t\t\t<p>Oferujemy wyst\u0119py w 100% na \u017cywo. Spokojne w stylu smooth-<br \/>kameralnie w restauracjach, hotelach, klubach oraz koncerty w<br \/>wi\u0119kszej formie, tak\u017ce w plenerze.<\/p><p><br \/>Polecamy si\u0119 i towarzyszymy muzycznie podczas wyj\u0105tkowych<br \/>okoliczno\u015bci jak np. ceremonie \u015blubne, bankiety itp.<\/p>\t\t\t\t\t\t\t\t<\/div>\n\t\t\t\t<\/div>\n\t\t\t\t\t<\/div>\n\t\t\t\t<\/div>\n\t\t<div class=\"elementor-element elementor-element-ca77282 e-flex e-con-boxed e-con e-parent\" data-id=\"ca77282\" data-element_type=\"container\" data-e-type=\"container\">\n\t\t\t\t\t<div class=\"e-con-inner\">\n\t\t\t\t<div class=\"elementor-element elementor-element-aad3780 elementor-widget elementor-widget-image\" data-id=\"aad3780\" data-element_type=\"widget\" data-e-type=\"widget\" data-widget_type=\"image.default\">\n\t\t\t\t<div class=\"elementor-widget-container\">\n\t\t\t\t\t\t\t\t\t\t\t\t\t\t\t<img fetchpriority=\"high\" decoding=\"async\" width=\"515\" height=\"429\" src=\"https:\/\/niemy.art\/wp-content\/uploads\/2024\/05\/foto-4.png\" class=\"attachment-large size-large wp-image-86\" alt=\"\" srcset=\"https:\/\/niemy.art\/wp-content\/uploads\/2024\/05\/foto-4.png 515w, https:\/\/niemy.art\/wp-content\/uploads\/2024\/05\/foto-4-300x250.png 300w\" sizes=\"(max-width: 515px) 100vw, 515px\" \/>\t\t\t\t\t\t\t\t\t\t\t\t\t\t\t<\/div>\n\t\t\t\t<\/div>\n\t\t\t\t\t<\/div>\n\t\t\t\t<\/div>\n\t\t\t\t<\/div>\n\t\t","protected":false},"excerpt":{"rendered":"<p>Oferujemy wyst\u0119py w 100% na \u017cywo. Spokojne w stylu smooth-kameralnie w restauracjach, hotelach, klubach oraz koncerty wwi\u0119kszej formie, tak\u017ce w &hellip; <a href=\"https:\/\/niemy.art\/index.php\/jak-gramy\/\" class=\"more-link\"><span class=\"more-button\">Continue Reading<span class=\"screen-reader-text\">Jak gramy<\/span><\/span><\/a><\/p>\n","protected":false},"author":1,"featured_media":0,"parent":0,"menu_order":2,"comment_status":"closed","ping_status":"closed","template":"","meta":{"footnotes":""},"class_list":["post-68","page","type-page","status-publish","hentry"],"_links":{"self":[{"href":"https:\/\/niemy.art\/index.php\/wp-json\/wp\/v2\/pages\/68","targetHints":{"allow":["GET"]}}],"collection":[{"href":"https:\/\/niemy.art\/index.php\/wp-json\/wp\/v2\/pages"}],"about":[{"href":"https:\/\/niemy.art\/index.php\/wp-json\/wp\/v2\/types\/page"}],"author":[{"embeddable":true,"href":"https:\/\/niemy.art\/index.php\/wp-json\/wp\/v2\/users\/1"}],"replies":[{"embeddable":true,"href":"https:\/\/niemy.art\/index.php\/wp-json\/wp\/v2\/comments?post=68"}],"version-history":[{"count":10,"href":"https:\/\/niemy.art\/index.php\/wp-json\/wp\/v2\/pages\/68\/revisions"}],"predecessor-version":[{"id":180,"href":"https:\/\/niemy.art\/index.php\/wp-json\/wp\/v2\/pages\/68\/revisions\/180"}],"wp:attachment":[{"href":"https:\/\/niemy.art\/index.php\/wp-json\/wp\/v2\/media?parent=68"}],"curies":[{"name":"wp","href":"https:\/\/api.w.org\/{rel}","templated":true}]}}